{"id":180589,"date":"2021-05-25T16:02:45","date_gmt":"2021-05-25T14:02:45","guid":{"rendered":"https:\/\/www.jagdfallen-steingraf.de\/?post_type=product&#038;p=180589"},"modified":"2025-08-07T10:40:42","modified_gmt":"2025-08-07T08:40:42","slug":"wippbrettfalle-siebenschlaefer-55-cm","status":"publish","type":"product","link":"https:\/\/www.jagdfallen-steingraf.de\/?product=wippbrettfalle-siebenschlaefer-55-cm","title":{"rendered":"Wippbrettfalle &#8211; Siebenschl\u00e4fer, Wiesel (55 cm)"},"content":{"rendered":"<p>Diese Wippbrettfalle &#8211; <a href=\"https:\/\/www.jagdfallen-steingraf.de\/?product_cat=kleintierfallen\">Siebenschl\u00e4fer<\/a> eignet sich hervorragend zum Fang von Wiesel, Hermelin, Siebenschl\u00e4fer, M\u00e4use, Ratten.<\/p>\n<p>Diese Falle l\u00f6st \u00fcber ein Wippbrett aus. Das zu fangende Tier muss komplett in die Falle um an den K\u00f6der zu kommen. Dabei klappt die Wippe um. Ein Sicherungsstift am Einlauf sorgt nun daf\u00fcr, dass das Wippbrett nicht zur\u00fcckklappen kann.<\/p>\n<p>Das Gitter ist herausnehmbar und erm\u00f6glicht so eine einfache Bek\u00f6derung. Gleichzeitig kann das gefangene Tier so einfach entnommen werden.<\/p>\n<p>F\u00fcr die Herstellung dieser Wippbrettfalle &#8211; Siebenschl\u00e4fer wurden alle Materialien von uns sorgsam ausgew\u00e4hlt, so verarbeiten wir nur europ\u00e4ische Siebdruckplatten, wie sie auch im Fahrzeugbau verwendet werden, was die Falle sehr stabil und extrem langlebig macht. Diese Falle ist seit vielen Jahren in verschiedenen Jagdrevieren im Einsatz.\u00a0 Durch ihre robuste Bauweise und die enorm hohen Fangerfolge hat sie sich dort schon bestens bew\u00e4hrt.<\/p>\n<p><span style=\"color: #008000;\"><strong>Unsere Lebendfalle ist bereits fertig montiert \u2013 Sie k\u00f6nnen sie daher sofort aufstellen!!!<\/strong><\/span><\/p>\n<p>Alle Fallen sind zu 100% von uns in Deutschland handgefertigt. Hierbei handelt es sich nicht um Importe aus Osteuropa.<\/p>\n<h4>Hinweise!<\/h4>\n<ul>\n<li>Achten Sie auf einen geeigneten Aufstellplatz und kontrollieren Sie die Lebendfalle regelm\u00e4\u00dfig.<\/li>\n<li>Bitte beachten Sie die jeweils g\u00fcltigen Jagdgesetze in Ihrem Bundesland!<\/li>\n<li>Zus\u00e4tzliche Informationen \u00fcber die Fangjagd finden Sie <span style=\"color: #008000;\"><strong><a style=\"color: #008000;\" href=\"https:\/\/www.jagdverband.de\/sites\/default\/files\/DJV_Wissenswertes_zur_Fangjagd_Web.pdf\">hier<\/a><\/strong><\/span>.<\/li>\n<\/ul>\n<p><strong>Herstellerinformationen:<\/strong><\/p>\n<p>Jagdfallen Steingraf, Berliner Stra\u00dfe 32, 15378 Hennickendorf, Telefon: 033434 801400, E-Mail: shop@jagdfallen.eu<\/p>\n","protected":false},"excerpt":{"rendered":"<p>Diese Wippbrettfalle &#8211; Siebenschl\u00e4fer von JagdfallenKuhnt &amp; Steingraf eignet sich hervorragend zum Fang von Wiesel, Hermelin, Siebenschl\u00e4fer, M\u00e4use und Ratten. Durch ihre robuste Bauweise und die enorm hohen Fangerfolge hat sie sich schon bestens bew\u00e4hrt.<\/p>\n<p>&nbsp;<\/p>\n<p>&nbsp;<\/p>\n","protected":false},"featured_media":181139,"template":"","meta":[],"product_brand":[],"product_cat":[88],"product_tag":[1932,1935],"class_list":{"0":"post-180589","1":"product","2":"type-product","3":"status-publish","4":"has-post-thumbnail","6":"product_cat-kleintierfallen","7":"product_tag-wippbrettfalle","8":"product_tag-siebenschlaefer","9":"product_shipping_class-kleintierfallen","10":"pa_ausloesung-sicherungsstift-unter-der-wippe-am-einlauf","11":"pif-has-gallery","13":"first","14":"instock","15":"taxable","16":"shipping-taxable","17":"purchasable","18":"product-type-simple"},"_links":{"self":[{"href":"https:\/\/www.jagdfallen-steingraf.de\/index.php?rest_route=\/wp\/v2\/product\/180589","targetHints":{"allow":["GET"]}}],"collection":[{"href":"https:\/\/www.jagdfallen-steingraf.de\/index.php?rest_route=\/wp\/v2\/product"}],"about":[{"href":"https:\/\/www.jagdfallen-steingraf.de\/index.php?rest_route=\/wp\/v2\/types\/product"}],"version-history":[{"count":4,"href":"https:\/\/www.jagdfallen-steingraf.de\/index.php?rest_route=\/wp\/v2\/product\/180589\/revisions"}],"predecessor-version":[{"id":186181,"href":"https:\/\/www.jagdfallen-steingraf.de\/index.php?rest_route=\/wp\/v2\/product\/180589\/revisions\/186181"}],"wp:featuredmedia":[{"embeddable":true,"href":"https:\/\/www.jagdfallen-steingraf.de\/index.php?rest_route=\/wp\/v2\/media\/181139"}],"wp:attachment":[{"href":"https:\/\/www.jagdfallen-steingraf.de\/index.php?rest_route=%2Fwp%2Fv2%2Fmedia&parent=180589"}],"wp:term":[{"taxonomy":"product_brand","embeddable":true,"href":"https:\/\/www.jagdfallen-steingraf.de\/index.php?rest_route=%2Fwp%2Fv2%2Fproduct_brand&post=180589"},{"taxonomy":"product_cat","embeddable":true,"href":"https:\/\/www.jagdfallen-steingraf.de\/index.php?rest_route=%2Fwp%2Fv2%2Fproduct_cat&post=180589"},{"taxonomy":"product_tag","embeddable":true,"href":"https:\/\/www.jagdfallen-steingraf.de\/index.php?rest_route=%2Fwp%2Fv2%2Fproduct_tag&post=180589"}],"curies":[{"name":"wp","href":"https:\/\/api.w.org\/{rel}","templated":true}]}}