{"id":180583,"date":"2021-05-25T15:06:42","date_gmt":"2021-05-25T13:06:42","guid":{"rendered":"https:\/\/www.jagdfallen-steingraf.de\/?post_type=product&#038;p=180583"},"modified":"2025-08-07T10:46:07","modified_gmt":"2025-08-07T08:46:07","slug":"predagelspezial-tabs","status":"publish","type":"product","link":"https:\/\/www.jagdfallen-steingraf.de\/?product=predagelspezial-tabs","title":{"rendered":"Predagel Spezial Tabs"},"content":{"rendered":"<p>Unsere <a href=\"https:\/\/www.jagdfallen-steingraf.de\/?product_cat=zubehoer\">Predagel Spezial<\/a> Tabs eignen sich hervorragend zum Kirren und als Direktk\u00f6der f\u00fcr Marderhund, Waschb\u00e4r und Fuchs.<\/p>\n<p>Sie haben einen speziellen Geruch, der sehr langanhaltend ist. Weder Regen noch sonstige Witterungseinfl\u00fcsse k\u00f6nnen diesen beeinflussen. Um die Ergiebigkeit zu erh\u00f6hen, k\u00f6nnen die Tabs in kleine St\u00fccke zerbrochen werden. Mit einen handels\u00fcblichen Bohrer kann ein Loch gebohrt werden um die Tabs in der Falle am K\u00f6derabzug zu befestigen. Nat\u00fcrlich kann das <a href=\"https:\/\/www.jagdfallen-steingraf.de\/?product_cat=zubehoer\">Lockmittel<\/a> auch einfach so in die Falle gelegt werden.<\/p>\n<p>Bei zahlreichen Tests auf Fuchs und Waschb\u00e4r, hat sich der K\u00f6der als sehr wirksam erwiesen.<\/p>\n<p>Durchmesser: ca. 30mm x 10mm<\/p>\n<p><strong>Inhalt: 10 x \/ 30x Predagel Spezial Tabs<\/strong><\/p>\n<p id=\"1180561397\" data-element-type=\"paragraph\" data-uialign=\"center\"><span style=\"color: #008000;\"><strong>Lockmittel Made in Germany jetzt online bestellen !<\/strong><\/span><\/p>\n<div id=\"1106639044\" data-dmtmpl=\"true\" data-element-type=\"paragraph\" data-uialign=\"center\">\n<p>Ob Marder, Fuchs oder Siebenschl\u00e4fer: Mit dem Lockmittel von Jagdfallen Steingraf locken\u00a0 Sie in Handumdrehen tierische Besucher an. Wenn Sie sich f\u00fcr unser Lockmittel\u00a0 aus unserem Sortiment interessieren, k\u00f6nnen Sie Ihre Bestellung in unserem Online-Shop aufgeben. Zahlungen sind per PayPal oder Vorkasse m\u00f6glich.<\/p>\n<p>Haben Sie noch Fragen zu unseren Lockmittel? Melden Sie sich einfach. Nur eine <a href=\"https:\/\/www.jagdfallen-steingraf.de\/impressum\/\">Mail<\/a> oder ein Anruf reicht schon aus. Unser Team beantwortet Ihnen gerne jede Frage rund um das Thema Lebendfalle und Lockmittel. Jagdfallen Steingraf freut sich auf Ihre Nachricht!<\/p>\n<p><strong>Herstellerinformationen:<\/strong><\/p>\n<p>Jagdfallen Steingraf, Berliner Stra\u00dfe 32, 15378 Hennickendorf, Telefon: 033434 801400, E-Mail: shop@jagdfallen.eu<\/p>\n<\/div>\n","protected":false},"excerpt":{"rendered":"<p>Unsere Predagel Spezial Tabs eignen sich hervorragend zum Kirren und als Direktk\u00f6der f\u00fcr Marderhund, Waschb\u00e4r und Fuchs. Um die Ergiebigkeit zu erh\u00f6hen, kann der Tab in kleine St\u00fccke zerbrochen werden.<\/p>\n","protected":false},"featured_media":179387,"template":"","meta":[],"product_brand":[],"product_cat":[627],"product_tag":[1930,1931],"class_list":{"0":"post-180583","1":"product","2":"type-product","3":"status-publish","4":"has-post-thumbnail","6":"product_cat-zubehoer","7":"product_tag-lockmittel","8":"product_tag-direktkoeder","9":"pif-has-gallery","11":"first","12":"instock","13":"taxable","14":"shipping-taxable","15":"purchasable","16":"product-type-variable"},"_links":{"self":[{"href":"https:\/\/www.jagdfallen-steingraf.de\/index.php?rest_route=\/wp\/v2\/product\/180583","targetHints":{"allow":["GET"]}}],"collection":[{"href":"https:\/\/www.jagdfallen-steingraf.de\/index.php?rest_route=\/wp\/v2\/product"}],"about":[{"href":"https:\/\/www.jagdfallen-steingraf.de\/index.php?rest_route=\/wp\/v2\/types\/product"}],"version-history":[{"count":4,"href":"https:\/\/www.jagdfallen-steingraf.de\/index.php?rest_route=\/wp\/v2\/product\/180583\/revisions"}],"predecessor-version":[{"id":186782,"href":"https:\/\/www.jagdfallen-steingraf.de\/index.php?rest_route=\/wp\/v2\/product\/180583\/revisions\/186782"}],"wp:featuredmedia":[{"embeddable":true,"href":"https:\/\/www.jagdfallen-steingraf.de\/index.php?rest_route=\/wp\/v2\/media\/179387"}],"wp:attachment":[{"href":"https:\/\/www.jagdfallen-steingraf.de\/index.php?rest_route=%2Fwp%2Fv2%2Fmedia&parent=180583"}],"wp:term":[{"taxonomy":"product_brand","embeddable":true,"href":"https:\/\/www.jagdfallen-steingraf.de\/index.php?rest_route=%2Fwp%2Fv2%2Fproduct_brand&post=180583"},{"taxonomy":"product_cat","embeddable":true,"href":"https:\/\/www.jagdfallen-steingraf.de\/index.php?rest_route=%2Fwp%2Fv2%2Fproduct_cat&post=180583"},{"taxonomy":"product_tag","embeddable":true,"href":"https:\/\/www.jagdfallen-steingraf.de\/index.php?rest_route=%2Fwp%2Fv2%2Fproduct_tag&post=180583"}],"curies":[{"name":"wp","href":"https:\/\/api.w.org\/{rel}","templated":true}]}}