{"id":180560,"date":"2021-05-25T12:23:26","date_gmt":"2021-05-25T10:23:26","guid":{"rendered":"https:\/\/www.jagdfallen-steingraf.de\/?post_type=product&#038;p=180560"},"modified":"2025-10-01T09:23:13","modified_gmt":"2025-10-01T07:23:13","slug":"waschbaerfalle-cat-2-120cm","status":"publish","type":"product","link":"https:\/\/www.jagdfallen-steingraf.de\/?product=waschbaerfalle-cat-2-120cm","title":{"rendered":"Waschb\u00e4rfalle &#8211; Cat 2 (120cm)"},"content":{"rendered":"<p>Unsere <a href=\"https:\/\/www.jagdfallen-steingraf.de\/?product_cat=waschbaerfallen\">Waschb\u00e4rfalle<\/a> &#8211; Cat 2 ist eine klassische Kastenfalle und eignet sich deshalb hervorragend zum Fang von Waschb\u00e4ren und Katzen.<\/p>\n<p>Diese Waschb\u00e4rfalle\u00a0 hat eine verschlie\u00dfbare \u00d6ffnung an der Oberseite zum Einlegen der K\u00f6der. Die Ausl\u00f6sung erfolgt zuverl\u00e4ssig \u00fcber ein Trittbrett. Im Mittelbereich der Waschb\u00e4rfalle ist ein Drahtgittereinsatz verarbeitet, somit ist eine sichere Fangkontrolle m\u00f6glich.<\/p>\n<p>Durch ihr leichtest Gewicht, l\u00e4sst sich die Falle einfach transportieren und umsetzten.<\/p>\n<p>F\u00fcr die Herstellung der Waschb\u00e4rfalle w\u00e4hlen wir alle Materialien sehr sorgsam aus. Deshalb verarbeiten wir ausschlie\u00dflich europ\u00e4ische Siebdruckplatten. Diese werden\u00a0 auch im Fahrzeugbau verwendet. Dadurch ist die Falle nicht nur wetterfest, sondern auch sehr stabil und extrem langlebig. Alle Fallen sind zu 100% von uns in Deutschland handgefertigt. Hierbei handelt es sich nicht um Importe aus Osteuropa.<\/p>\n<p><span class=\"a-list-item\">Alle Verbesserungsvorschl\u00e4ge unserer J\u00e4ger und Tierschutzvereine flie\u00dfen in unsere Fallen und andere Produkte mit ein.<\/span> Diese Falle ist seit vielen Jahren in verschiedenen Jagdrevieren im Einsatz. Durch ihre robuste Bauweise und die enorm hohen Fangerfolge hat sie sich dort schon bestens bew\u00e4hrt.<\/p>\n<p>Bitte achten Sie unbedingt beim Kauf auf die Richtige L\u00e4nge der Falle. Wir empfehlen Ihnen bei einer Waschb\u00e4rfalle eine Mindestl\u00e4nge von 120cm.<\/p>\n<p>Wahlweise, k\u00f6nnen Sie die Falle auch mit Klappensicherung erwerben.<\/p>\n<p><strong>Gratis zur Waschb\u00e4rfalle: 30g Lockmittel Predagel.<\/strong><\/p>\n<p><span style=\"color: #008000;\"><strong>Unsere Lebendfalle ist bereits fertig montiert und Sie k\u00f6nnen sie sofort aufstellen!!!<\/strong><\/span><\/p>\n<h4>Hinweise!<\/h4>\n<ul>\n<li>Achten Sie auf einen geeigneten Aufstellplatz und kontrollieren Sie die Lebendfalle regelm\u00e4\u00dfig.<\/li>\n<li>Bitte beachten Sie die jeweils g\u00fcltigen Jagdgesetze in Ihrem Bundesland !<\/li>\n<li>Zus\u00e4tzliche Informationen \u00fcber die Fangjagd finden Sie <a href=\"https:\/\/www.jagdverband.de\/sites\/default\/files\/DJV_Wissenswertes_zur_Fangjagd_Web.pdf\"><span style=\"color: #008000;\"><strong>hier<\/strong><\/span><\/a>.<\/li>\n<\/ul>\n<p><strong>Herstellerinformationen:<\/strong><\/p>\n<p>Jagdfallen Steingraf, Berliner Stra\u00dfe 32, 15378 Hennickendorf, Telefon: 033434 801400, E-Mail: shop@jagdfallen.eu<\/p>\n","protected":false},"excerpt":{"rendered":"<p>Unsere Waschb\u00e4rfalle &#8211; Cat 2 ist eine klassische Kastenfalle und eignet sich deshalb hervorragend zum Fang von Waschb\u00e4r, Marder, Katze, Jungfuchs und Kaninchen.<\/p>\n","protected":false},"featured_media":183957,"template":"","meta":[],"product_brand":[],"product_cat":[578],"product_tag":[1879,1926,1927],"class_list":{"0":"post-180560","1":"product","2":"type-product","3":"status-publish","4":"has-post-thumbnail","6":"product_cat-waschbaerfallen","7":"product_tag-kastenfalle","8":"product_tag-waschbaer","9":"product_tag-waschbaerfalle","10":"product_shipping_class-waschbaerfalle","11":"pif-has-gallery","13":"first","14":"instock","15":"taxable","16":"shipping-taxable","17":"purchasable","18":"product-type-variable"},"_links":{"self":[{"href":"https:\/\/www.jagdfallen-steingraf.de\/index.php?rest_route=\/wp\/v2\/product\/180560","targetHints":{"allow":["GET"]}}],"collection":[{"href":"https:\/\/www.jagdfallen-steingraf.de\/index.php?rest_route=\/wp\/v2\/product"}],"about":[{"href":"https:\/\/www.jagdfallen-steingraf.de\/index.php?rest_route=\/wp\/v2\/types\/product"}],"version-history":[{"count":4,"href":"https:\/\/www.jagdfallen-steingraf.de\/index.php?rest_route=\/wp\/v2\/product\/180560\/revisions"}],"predecessor-version":[{"id":187487,"href":"https:\/\/www.jagdfallen-steingraf.de\/index.php?rest_route=\/wp\/v2\/product\/180560\/revisions\/187487"}],"wp:featuredmedia":[{"embeddable":true,"href":"https:\/\/www.jagdfallen-steingraf.de\/index.php?rest_route=\/wp\/v2\/media\/183957"}],"wp:attachment":[{"href":"https:\/\/www.jagdfallen-steingraf.de\/index.php?rest_route=%2Fwp%2Fv2%2Fmedia&parent=180560"}],"wp:term":[{"taxonomy":"product_brand","embeddable":true,"href":"https:\/\/www.jagdfallen-steingraf.de\/index.php?rest_route=%2Fwp%2Fv2%2Fproduct_brand&post=180560"},{"taxonomy":"product_cat","embeddable":true,"href":"https:\/\/www.jagdfallen-steingraf.de\/index.php?rest_route=%2Fwp%2Fv2%2Fproduct_cat&post=180560"},{"taxonomy":"product_tag","embeddable":true,"href":"https:\/\/www.jagdfallen-steingraf.de\/index.php?rest_route=%2Fwp%2Fv2%2Fproduct_tag&post=180560"}],"curies":[{"name":"wp","href":"https:\/\/api.w.org\/{rel}","templated":true}]}}