{"id":2248,"date":"2019-11-03T18:01:41","date_gmt":"2019-11-03T17:01:41","guid":{"rendered":"https:\/\/www.jagdfallen-steingraf.de\/?page_id=2248"},"modified":"2024-06-05T12:12:40","modified_gmt":"2024-06-05T10:12:40","slug":"zahlungsarten","status":"publish","type":"page","link":"https:\/\/www.jagdfallen-steingraf.de\/?page_id=2248","title":{"rendered":"Zahlungsarten"},"content":{"rendered":"<div id=\"pl-2248\"  class=\"panel-layout\" ><div id=\"pg-2248-0\"  class=\"panel-grid panel-no-style\" ><div id=\"pgc-2248-0-0\"  class=\"panel-grid-cell\" ><div id=\"panel-2248-0-0-0\" class=\"so-panel widget widget_sow-editor panel-first-child panel-last-child\" data-index=\"0\" ><div\n\t\t\t\n\t\t\tclass=\"so-widget-sow-editor so-widget-sow-editor-base\"\n\t\t\t\n\t\t>\n<div class=\"siteorigin-widget-tinymce textwidget\">\n\t<div class=\"nx-row\"><br \/>\n<div class=\"nx-column nx-column-size-3-3\"><div class=\"nx-column-inner nx-clearfix\"><br \/>\n<div class=\"nx-heading nx-heading-style-coloredline nx-heading-align-left\" style=\"font-size:32px;margin-bottom:16px\"><div class=\"nx-heading-inner\">Hier finden Sie unsere angebotenen Zahlungsarten im \u00dcberblick<\/div><\/div><\/p>\n<h4>Vorkasse<\/h4>\n<p><strong>So funktioniert's:<\/strong><\/p>\n<ul>\n<li>Sie w\u00e4hlen die Zahlungsart Vorkasse aus.<\/li>\n<li>Sie erhalten eine eMail mit der Bankverbindung und allen notwendigen \u00dcberweisungsdaten.<\/li>\n<li>Sie \u00fcberweisen den Kaufbetrag auf das angegebene Konto.<\/li>\n<li>Sobald die Zahlung auf unser Konto eingeht, schicken wir Ihre Bestellung los.<\/li>\n<\/ul>\n<p>&nbsp;<\/p>\n<p><strong>Das sollten Sie beachten:<\/strong><\/p>\n<ul>\n<li>Bei Retouren m\u00fcssen Sie auf dem Retourenschein Ihre Bankdaten eintragen, damit wir Ihnen Erstattungsbetr\u00e4ge \u00fcberweisen k\u00f6nnen<br \/>\n(Kontoinhaber und IBAN <strong>innerhalb<\/strong> Deutschlands; Kontoinhaber, BIC und IBAN <strong>au\u00dferhalb<\/strong> Deutschlands).<\/li>\n<\/ul>\n<h4>PayPal<\/h4>\n<p><strong>So funktioniert's:<\/strong><\/p>\n<ul>\n<li>Sie legen auf PayPal ein kostenloses Benutzerkonto an.<\/li>\n<li>Sie hinterlegen bei PayPal einmalig Ihre Bankdaten oder Kreditkarte <em>(diese Daten sind nicht f\u00fcr andere sichtbar, uns eingeschlossen)<\/em>.<\/li>\n<li>Sie w\u00e4hlen die Zahlungsart PayPal aus.<\/li>\n<li>Sie bezahlen den Kaufbetrag mit PayPal.<\/li>\n<li>Sobald die Zahlung auf unser Konto eingeht, schicken wir Ihre Bestellung los.<\/li>\n<\/ul>\n<p>&nbsp;<\/p>\n<p><strong>Das sollten Sie beachten:<\/strong><\/p>\n<ul>\n<li>Bei Retouren \u00fcberweisen wir Erstattungsbetr\u00e4ge automatisch auf Ihr PayPal-Konto zur\u00fcck. Sie brauchen <b>keine<\/b> zus\u00e4tzlichen Kontodaten auf dem Retourenschein eintragen.<\/li>\n<li>Bitte besuchen Sie die PayPal Website f\u00fcr weitere Informationen.<\/li>\n<\/ul>\n<h4>SOFORT \u00dcberweisung (Zurzeit leider nicht m\u00f6glich):<\/h4>\n<p><b>So funktioniert\u00b4s:<\/b><\/p>\n<ul>\n<li>Sie w\u00e4hlen die Zahlungsart SOFORT \u00dcberweisung aus.<\/li>\n<li>Sie w\u00e4hlen Ihre Bank aus.<\/li>\n<li>Im Login-Bereich des gesch\u00fctzten Zahlformulars melden Sie sich mit Ihren gewohnten Zugangsdaten f\u00fcr das Online-Banking an. <em>(Die Daten werden verschl\u00fcsselt an Ihr Online-Banking \u00fcbermittelt)<\/em>.<\/li>\n<li>Sie geben wie gewohnt eine TAN ein.<\/li>\n<li>Sobald die Zahlung auf unser Konto eingeht, schicken wir Ihre Bestellung los.<\/li>\n<\/ul>\n<p><b>Das sollten Sie beachten:<\/b><\/p>\n<ul>\n<li>Bei Retouren m\u00fcssen Sie auf dem Retourenschein Ihre Bankdaten eintragen, damit wir Ihnen Erstattungsbetr\u00e4ge \u00fcberweisen k\u00f6nnen<br \/>\n(Kontoinhaber und IBAN <strong>innerhalb<\/strong> Deutschlands; Kontoinhaber, BIC und IBAN <strong>au\u00dferhalb<\/strong> Deutschlands).<\/li>\n<li>Bitte besuchen Sie die SOFORT \u00dcberweisung Website f\u00fcr weitere Informationen.<\/li>\n<\/ul>\n<h4><span style=\"font-size: 10pt;\"><em>Stand: 05.2024<\/em><\/span><\/h4>\n<p><\/div><\/div><br \/>\n<\/div>\n<\/div>\n<\/div><\/div><\/div><\/div><div id=\"pg-2248-1\"  class=\"panel-grid panel-no-style\" ><div id=\"pgc-2248-1-0\"  class=\"panel-grid-cell\" ><div><div class=\"txo-shape-devider random-2962\"><div class=\"txo-bigtriangle-up\"><\/div><\/div><\/div><\/div><\/div><\/div>","protected":false},"excerpt":{"rendered":"<p>Hier finden Sie unsere angebotenen Zahlungsarten im \u00dcberblick Vorkasse So funktioniert&#8217;s: Sie w\u00e4hlen die Zahlungsart Vorkasse aus. Sie erhalten eine eMail mit der Bankverbindung und allen notwendigen \u00dcberweisungsdaten. Sie \u00fcberweisen den Kaufbetrag auf das angegebene Konto. Sobald die Zahlung auf unser Konto eingeht, schicken wir Ihre Bestellung los. &nbsp; Das sollten Sie beachten: Bei Retouren m\u00fcssen Sie auf dem Retourenschein<\/p>\n<div class=\"read-more\"><a class=\"more-link\" href=\"https:\/\/www.jagdfallen-steingraf.de\/?page_id=2248\">Read More &#8230;<\/a><\/div>\n","protected":false},"author":1,"featured_media":0,"parent":0,"menu_order":0,"comment_status":"closed","ping_status":"closed","template":"","meta":{"footnotes":""},"class_list":["post-2248","page","type-page","status-publish","hentry"],"_links":{"self":[{"href":"https:\/\/www.jagdfallen-steingraf.de\/index.php?rest_route=\/wp\/v2\/pages\/2248","targetHints":{"allow":["GET"]}}],"collection":[{"href":"https:\/\/www.jagdfallen-steingraf.de\/index.php?rest_route=\/wp\/v2\/pages"}],"about":[{"href":"https:\/\/www.jagdfallen-steingraf.de\/index.php?rest_route=\/wp\/v2\/types\/page"}],"author":[{"embeddable":true,"href":"https:\/\/www.jagdfallen-steingraf.de\/index.php?rest_route=\/wp\/v2\/users\/1"}],"replies":[{"embeddable":true,"href":"https:\/\/www.jagdfallen-steingraf.de\/index.php?rest_route=%2Fwp%2Fv2%2Fcomments&post=2248"}],"version-history":[{"count":0,"href":"https:\/\/www.jagdfallen-steingraf.de\/index.php?rest_route=\/wp\/v2\/pages\/2248\/revisions"}],"wp:attachment":[{"href":"https:\/\/www.jagdfallen-steingraf.de\/index.php?rest_route=%2Fwp%2Fv2%2Fmedia&parent=2248"}],"curies":[{"name":"wp","href":"https:\/\/api.w.org\/{rel}","templated":true}]}}