{"id":182634,"date":"2022-03-31T15:14:27","date_gmt":"2022-03-31T13:14:27","guid":{"rendered":"https:\/\/www.jagdfallen-steingraf.de\/?page_id=182634"},"modified":"2025-05-28T10:47:58","modified_gmt":"2025-05-28T08:47:58","slug":"betonfalle-2","status":"publish","type":"page","link":"https:\/\/www.jagdfallen-steingraf.de\/?page_id=182634","title":{"rendered":"Betonfallen"},"content":{"rendered":"<div id=\"1321182104\" class=\"u_1321182104 dmNewParagraph\" data-element-type=\"paragraph\" data-version=\"5\">\n<pre class=\"m-text-align-left text-align-center\"><span style=\"font-family: arial, helvetica, sans-serif; font-size: 18pt;\">Diese Betonfalle eignet sich hervorragend zum Fang von <\/span><a style=\"font-family: arial, helvetica, sans-serif; font-size: 18pt;\" href=\"https:\/\/www.jagdfallen-steingraf.de\/?product_cat=fuchsfallen\">F\u00fcchsen<\/a><span style=\"font-family: arial, helvetica, sans-serif; font-size: 18pt;\">, ebenso auch f\u00fcr Tiere, wie Dachs und Waschb\u00e4r.<\/span><\/pre>\n<\/div>\n<div id=\"1202658461\" class=\"u_1202658461 flex-container dmImageSlider dmNoMargin dmNoMark\" data-widget-type=\"imageSlider\" data-element-type=\"dSliderId\">\n<div id=\"1865423228\" class=\"flexslider ed-version nav-layout-2 arrows-visible\">\n<div id=\"1209744148\" class=\"color-overlay\"><img fetchpriority=\"high\" decoding=\"async\" class=\"alignnone wp-image-182614\" src=\"https:\/\/www.jagdfallen-steingraf.de\/wp-content\/uploads\/2022\/03\/Betonfalle_verschraubt-300x300.jpg\" alt=\"Fuchsfalle Betonfalle\" width=\"443\" height=\"443\" srcset=\"https:\/\/www.jagdfallen-steingraf.de\/wp-content\/uploads\/2022\/03\/Betonfalle_verschraubt-300x300.jpg 300w, https:\/\/www.jagdfallen-steingraf.de\/wp-content\/uploads\/2022\/03\/Betonfalle_verschraubt-150x150.jpg 150w, https:\/\/www.jagdfallen-steingraf.de\/wp-content\/uploads\/2022\/03\/Betonfalle_verschraubt-768x768.jpg 768w, https:\/\/www.jagdfallen-steingraf.de\/wp-content\/uploads\/2022\/03\/Betonfalle_verschraubt-96x96.jpg 96w, https:\/\/www.jagdfallen-steingraf.de\/wp-content\/uploads\/2022\/03\/Betonfalle_verschraubt-250x250.jpg 250w, https:\/\/www.jagdfallen-steingraf.de\/wp-content\/uploads\/2022\/03\/Betonfalle_verschraubt-600x600.jpg 600w, https:\/\/www.jagdfallen-steingraf.de\/wp-content\/uploads\/2022\/03\/Betonfalle_verschraubt-100x100.jpg 100w, https:\/\/www.jagdfallen-steingraf.de\/wp-content\/uploads\/2022\/03\/Betonfalle_verschraubt-64x64.jpg 64w, https:\/\/www.jagdfallen-steingraf.de\/wp-content\/uploads\/2022\/03\/Betonfalle_verschraubt.jpg 960w\" sizes=\"(max-width: 443px) 100vw, 443px\" \/><\/div>\n<div><\/div>\n<div id=\"1610346562\">\n<div id=\"1273295132\"><\/div>\n<\/div>\n<\/div>\n<\/div>\n<div id=\"1794567936\" class=\"u_1794567936 dmNewParagraph\" data-element-type=\"paragraph\" data-version=\"5\">\n<h4 class=\"text-align-left\"><strong><span style=\"font-size: 14pt; font-family: arial, helvetica, sans-serif;\">Besonderheiten:<\/span><\/strong><\/h4>\n<\/div>\n<div id=\"1144088973\" class=\"u_1144088973 dmNewParagraph\" data-version=\"5\">\n<ul class=\"defaultList\">\n<li class=\"m-size-14 size-18\"><span class=\"font-size-18 m-font-size-14\" style=\"font-family: arial, helvetica, sans-serif; font-size: 14pt;\">Ausl\u00f6sung erfolgt \u00fcber ein ebenerdiges Trittbrett (Glatter Gang, glatter Fang).<\/span><\/li>\n<li class=\"m-size-14 size-18\"><span class=\"font-size-18 m-font-size-14\" style=\"font-family: arial, helvetica, sans-serif; font-size: 14pt;\">Standartl\u00e4nge: 360 cm.<\/span><\/li>\n<li class=\"m-size-14 size-18\"><span class=\"font-size-18 m-font-size-14\" style=\"font-family: arial, helvetica, sans-serif; font-size: 14pt;\">Innenma\u00dfe: 35&#215;35 cm.<\/span><\/li>\n<li class=\"m-size-14 size-18\"><span class=\"font-size-18 m-font-size-14\" style=\"font-family: arial, helvetica, sans-serif; font-size: 14pt;\">Falle verf\u00fcgt \u00fcber eine Bek\u00f6derungs\u00f6ffnung mit einen Handyschlitz (f\u00fcr alle g\u00e4ngigen Smartphones).<\/span><\/li>\n<li class=\"m-size-14 size-18\"><span class=\"font-size-18 m-font-size-14\" style=\"font-family: arial, helvetica, sans-serif; font-size: 14pt;\">Die Betonfalle ist beliebig erweiterbar (Die Erweiterungen erfolgen jeweils immer um 60cm).<\/span><\/li>\n<li class=\"m-size-14 size-18\"><span class=\"m-font-size-14 font-size-18\" style=\"font-family: arial, helvetica, sans-serif; font-size: 14pt;\">Betonschutzkasten f\u00fcr die Ausl\u00f6sung auf Wunsch verf\u00fcgbar (siehe Bilder).<\/span><\/li>\n<li><span class=\"font-size-18 m-font-size-14\" style=\"font-family: arial, helvetica, sans-serif; font-size: 14pt;\">Durch die Leichtbetonsteine, l\u00e4sst sich die Falle sehr gut h\u00e4ndeln und ist innerhalb von ca. 30 Minuten im Revier verbaut. <\/span><\/li>\n<li><span class=\"font-size-18 m-font-size-14\" style=\"font-family: arial, helvetica, sans-serif; font-size: 14pt;\">Ein Leichtbetonstein wiegt ca. 26 kg.<\/span><\/li>\n<li><span class=\"font-size-18 m-font-size-14\" style=\"font-family: arial, helvetica, sans-serif; font-size: 14pt;\">Falle wird als Bausatz mit einer Aufbauanleitung durch eine Spedition geliefert.<\/span><\/li>\n<\/ul>\n<p><img decoding=\"async\" class=\"alignnone wp-image-182654\" src=\"https:\/\/www.jagdfallen-steingraf.de\/wp-content\/uploads\/2022\/04\/Betonnfalle-300x300.jpg\" alt=\"\" width=\"400\" height=\"400\" srcset=\"https:\/\/www.jagdfallen-steingraf.de\/wp-content\/uploads\/2022\/04\/Betonnfalle-300x300.jpg 300w, https:\/\/www.jagdfallen-steingraf.de\/wp-content\/uploads\/2022\/04\/Betonnfalle-150x150.jpg 150w, https:\/\/www.jagdfallen-steingraf.de\/wp-content\/uploads\/2022\/04\/Betonnfalle-768x768.jpg 768w, https:\/\/www.jagdfallen-steingraf.de\/wp-content\/uploads\/2022\/04\/Betonnfalle-96x96.jpg 96w, https:\/\/www.jagdfallen-steingraf.de\/wp-content\/uploads\/2022\/04\/Betonnfalle-250x250.jpg 250w, https:\/\/www.jagdfallen-steingraf.de\/wp-content\/uploads\/2022\/04\/Betonnfalle-600x600.jpg 600w, https:\/\/www.jagdfallen-steingraf.de\/wp-content\/uploads\/2022\/04\/Betonnfalle-100x100.jpg 100w, https:\/\/www.jagdfallen-steingraf.de\/wp-content\/uploads\/2022\/04\/Betonnfalle-64x64.jpg 64w, https:\/\/www.jagdfallen-steingraf.de\/wp-content\/uploads\/2022\/04\/Betonnfalle.jpg 960w\" sizes=\"(max-width: 400px) 100vw, 400px\" \/>\u00a0<img decoding=\"async\" class=\"alignnone wp-image-182611\" src=\"https:\/\/www.jagdfallen-steingraf.de\/wp-content\/uploads\/2022\/03\/Betonfalle_geteilt-300x300.jpg\" alt=\"Fuchsfalle Betonfalle bausatz\" width=\"400\" height=\"400\" srcset=\"https:\/\/www.jagdfallen-steingraf.de\/wp-content\/uploads\/2022\/03\/Betonfalle_geteilt-300x300.jpg 300w, https:\/\/www.jagdfallen-steingraf.de\/wp-content\/uploads\/2022\/03\/Betonfalle_geteilt-150x150.jpg 150w, https:\/\/www.jagdfallen-steingraf.de\/wp-content\/uploads\/2022\/03\/Betonfalle_geteilt-768x768.jpg 768w, https:\/\/www.jagdfallen-steingraf.de\/wp-content\/uploads\/2022\/03\/Betonfalle_geteilt-96x96.jpg 96w, https:\/\/www.jagdfallen-steingraf.de\/wp-content\/uploads\/2022\/03\/Betonfalle_geteilt-250x250.jpg 250w, https:\/\/www.jagdfallen-steingraf.de\/wp-content\/uploads\/2022\/03\/Betonfalle_geteilt-600x600.jpg 600w, https:\/\/www.jagdfallen-steingraf.de\/wp-content\/uploads\/2022\/03\/Betonfalle_geteilt-100x100.jpg 100w, https:\/\/www.jagdfallen-steingraf.de\/wp-content\/uploads\/2022\/03\/Betonfalle_geteilt-64x64.jpg 64w, https:\/\/www.jagdfallen-steingraf.de\/wp-content\/uploads\/2022\/03\/Betonfalle_geteilt.jpg 960w\" sizes=\"(max-width: 400px) 100vw, 400px\" \/><\/p>\n<p><img loading=\"lazy\" decoding=\"async\" class=\"alignnone wp-image-182613\" src=\"https:\/\/www.jagdfallen-steingraf.de\/wp-content\/uploads\/2022\/03\/Betonfalle_Sicherung_Ausloesung-300x300.jpg\" alt=\"\" width=\"400\" height=\"400\" srcset=\"https:\/\/www.jagdfallen-steingraf.de\/wp-content\/uploads\/2022\/03\/Betonfalle_Sicherung_Ausloesung-300x300.jpg 300w, https:\/\/www.jagdfallen-steingraf.de\/wp-content\/uploads\/2022\/03\/Betonfalle_Sicherung_Ausloesung-150x150.jpg 150w, https:\/\/www.jagdfallen-steingraf.de\/wp-content\/uploads\/2022\/03\/Betonfalle_Sicherung_Ausloesung-768x768.jpg 768w, https:\/\/www.jagdfallen-steingraf.de\/wp-content\/uploads\/2022\/03\/Betonfalle_Sicherung_Ausloesung-96x96.jpg 96w, https:\/\/www.jagdfallen-steingraf.de\/wp-content\/uploads\/2022\/03\/Betonfalle_Sicherung_Ausloesung-250x250.jpg 250w, https:\/\/www.jagdfallen-steingraf.de\/wp-content\/uploads\/2022\/03\/Betonfalle_Sicherung_Ausloesung-600x600.jpg 600w, https:\/\/www.jagdfallen-steingraf.de\/wp-content\/uploads\/2022\/03\/Betonfalle_Sicherung_Ausloesung-100x100.jpg 100w, https:\/\/www.jagdfallen-steingraf.de\/wp-content\/uploads\/2022\/03\/Betonfalle_Sicherung_Ausloesung-64x64.jpg 64w, https:\/\/www.jagdfallen-steingraf.de\/wp-content\/uploads\/2022\/03\/Betonfalle_Sicherung_Ausloesung.jpg 960w\" sizes=\"(max-width: 400px) 100vw, 400px\" \/> <img loading=\"lazy\" decoding=\"async\" class=\"alignnone wp-image-182609\" src=\"https:\/\/www.jagdfallen-steingraf.de\/wp-content\/uploads\/2022\/03\/Betonfalle_1-300x300.jpg\" alt=\"\" width=\"400\" height=\"400\" srcset=\"https:\/\/www.jagdfallen-steingraf.de\/wp-content\/uploads\/2022\/03\/Betonfalle_1-300x300.jpg 300w, https:\/\/www.jagdfallen-steingraf.de\/wp-content\/uploads\/2022\/03\/Betonfalle_1-150x150.jpg 150w, https:\/\/www.jagdfallen-steingraf.de\/wp-content\/uploads\/2022\/03\/Betonfalle_1-768x768.jpg 768w, https:\/\/www.jagdfallen-steingraf.de\/wp-content\/uploads\/2022\/03\/Betonfalle_1-96x96.jpg 96w, https:\/\/www.jagdfallen-steingraf.de\/wp-content\/uploads\/2022\/03\/Betonfalle_1-250x250.jpg 250w, https:\/\/www.jagdfallen-steingraf.de\/wp-content\/uploads\/2022\/03\/Betonfalle_1-600x600.jpg 600w, https:\/\/www.jagdfallen-steingraf.de\/wp-content\/uploads\/2022\/03\/Betonfalle_1-100x100.jpg 100w, https:\/\/www.jagdfallen-steingraf.de\/wp-content\/uploads\/2022\/03\/Betonfalle_1-64x64.jpg 64w, https:\/\/www.jagdfallen-steingraf.de\/wp-content\/uploads\/2022\/03\/Betonfalle_1.jpg 960w\" sizes=\"(max-width: 400px) 100vw, 400px\" \/><\/p>\n<p><img loading=\"lazy\" decoding=\"async\" class=\"alignnone wp-image-182612\" src=\"https:\/\/www.jagdfallen-steingraf.de\/wp-content\/uploads\/2022\/03\/Betonfalle_Klappe-300x300.jpg\" alt=\"\" width=\"400\" height=\"400\" srcset=\"https:\/\/www.jagdfallen-steingraf.de\/wp-content\/uploads\/2022\/03\/Betonfalle_Klappe-300x300.jpg 300w, https:\/\/www.jagdfallen-steingraf.de\/wp-content\/uploads\/2022\/03\/Betonfalle_Klappe-150x150.jpg 150w, https:\/\/www.jagdfallen-steingraf.de\/wp-content\/uploads\/2022\/03\/Betonfalle_Klappe-768x768.jpg 768w, https:\/\/www.jagdfallen-steingraf.de\/wp-content\/uploads\/2022\/03\/Betonfalle_Klappe-96x96.jpg 96w, https:\/\/www.jagdfallen-steingraf.de\/wp-content\/uploads\/2022\/03\/Betonfalle_Klappe-250x250.jpg 250w, https:\/\/www.jagdfallen-steingraf.de\/wp-content\/uploads\/2022\/03\/Betonfalle_Klappe-600x600.jpg 600w, https:\/\/www.jagdfallen-steingraf.de\/wp-content\/uploads\/2022\/03\/Betonfalle_Klappe-100x100.jpg 100w, https:\/\/www.jagdfallen-steingraf.de\/wp-content\/uploads\/2022\/03\/Betonfalle_Klappe-64x64.jpg 64w, https:\/\/www.jagdfallen-steingraf.de\/wp-content\/uploads\/2022\/03\/Betonfalle_Klappe.jpg 960w\" sizes=\"(max-width: 400px) 100vw, 400px\" \/> <img loading=\"lazy\" decoding=\"async\" class=\"alignnone wp-image-182610\" src=\"https:\/\/www.jagdfallen-steingraf.de\/wp-content\/uploads\/2022\/03\/Betonfalle_Eingang-300x300.jpg\" alt=\"Fuchsfalle Betonfalle mit Sicherungskasten\" width=\"400\" height=\"400\" srcset=\"https:\/\/www.jagdfallen-steingraf.de\/wp-content\/uploads\/2022\/03\/Betonfalle_Eingang-300x300.jpg 300w, https:\/\/www.jagdfallen-steingraf.de\/wp-content\/uploads\/2022\/03\/Betonfalle_Eingang-150x150.jpg 150w, https:\/\/www.jagdfallen-steingraf.de\/wp-content\/uploads\/2022\/03\/Betonfalle_Eingang-768x768.jpg 768w, https:\/\/www.jagdfallen-steingraf.de\/wp-content\/uploads\/2022\/03\/Betonfalle_Eingang-96x96.jpg 96w, https:\/\/www.jagdfallen-steingraf.de\/wp-content\/uploads\/2022\/03\/Betonfalle_Eingang-250x250.jpg 250w, https:\/\/www.jagdfallen-steingraf.de\/wp-content\/uploads\/2022\/03\/Betonfalle_Eingang-600x600.jpg 600w, https:\/\/www.jagdfallen-steingraf.de\/wp-content\/uploads\/2022\/03\/Betonfalle_Eingang-100x100.jpg 100w, https:\/\/www.jagdfallen-steingraf.de\/wp-content\/uploads\/2022\/03\/Betonfalle_Eingang-64x64.jpg 64w, https:\/\/www.jagdfallen-steingraf.de\/wp-content\/uploads\/2022\/03\/Betonfalle_Eingang.jpg 960w\" sizes=\"(max-width: 400px) 100vw, 400px\" \/><\/p>\n<p><img loading=\"lazy\" decoding=\"async\" class=\"alignnone wp-image-182764\" src=\"https:\/\/www.jagdfallen-steingraf.de\/wp-content\/uploads\/2022\/04\/Waschbaer_in_der_Betonfalle-300x300.jpg\" alt=\"Waschbaer_in_der_Betonfalle\" width=\"401\" height=\"401\" srcset=\"https:\/\/www.jagdfallen-steingraf.de\/wp-content\/uploads\/2022\/04\/Waschbaer_in_der_Betonfalle-300x300.jpg 300w, https:\/\/www.jagdfallen-steingraf.de\/wp-content\/uploads\/2022\/04\/Waschbaer_in_der_Betonfalle-150x150.jpg 150w, https:\/\/www.jagdfallen-steingraf.de\/wp-content\/uploads\/2022\/04\/Waschbaer_in_der_Betonfalle-768x768.jpg 768w, https:\/\/www.jagdfallen-steingraf.de\/wp-content\/uploads\/2022\/04\/Waschbaer_in_der_Betonfalle-96x96.jpg 96w, https:\/\/www.jagdfallen-steingraf.de\/wp-content\/uploads\/2022\/04\/Waschbaer_in_der_Betonfalle-250x250.jpg 250w, https:\/\/www.jagdfallen-steingraf.de\/wp-content\/uploads\/2022\/04\/Waschbaer_in_der_Betonfalle-600x600.jpg 600w, https:\/\/www.jagdfallen-steingraf.de\/wp-content\/uploads\/2022\/04\/Waschbaer_in_der_Betonfalle-100x100.jpg 100w, https:\/\/www.jagdfallen-steingraf.de\/wp-content\/uploads\/2022\/04\/Waschbaer_in_der_Betonfalle-64x64.jpg 64w, https:\/\/www.jagdfallen-steingraf.de\/wp-content\/uploads\/2022\/04\/Waschbaer_in_der_Betonfalle.jpg 960w\" sizes=\"(max-width: 401px) 100vw, 401px\" \/> <img loading=\"lazy\" decoding=\"async\" class=\"alignnone wp-image-182763\" src=\"https:\/\/www.jagdfallen-steingraf.de\/wp-content\/uploads\/2022\/04\/Dachs_in_der_Betonfalle-300x300.jpg\" alt=\"Dachs_in_der_Betonfalle\" width=\"401\" height=\"401\" srcset=\"https:\/\/www.jagdfallen-steingraf.de\/wp-content\/uploads\/2022\/04\/Dachs_in_der_Betonfalle-300x300.jpg 300w, https:\/\/www.jagdfallen-steingraf.de\/wp-content\/uploads\/2022\/04\/Dachs_in_der_Betonfalle-150x150.jpg 150w, https:\/\/www.jagdfallen-steingraf.de\/wp-content\/uploads\/2022\/04\/Dachs_in_der_Betonfalle-768x768.jpg 768w, https:\/\/www.jagdfallen-steingraf.de\/wp-content\/uploads\/2022\/04\/Dachs_in_der_Betonfalle-96x96.jpg 96w, https:\/\/www.jagdfallen-steingraf.de\/wp-content\/uploads\/2022\/04\/Dachs_in_der_Betonfalle-250x250.jpg 250w, https:\/\/www.jagdfallen-steingraf.de\/wp-content\/uploads\/2022\/04\/Dachs_in_der_Betonfalle-600x600.jpg 600w, https:\/\/www.jagdfallen-steingraf.de\/wp-content\/uploads\/2022\/04\/Dachs_in_der_Betonfalle-100x100.jpg 100w, https:\/\/www.jagdfallen-steingraf.de\/wp-content\/uploads\/2022\/04\/Dachs_in_der_Betonfalle-64x64.jpg 64w, https:\/\/www.jagdfallen-steingraf.de\/wp-content\/uploads\/2022\/04\/Dachs_in_der_Betonfalle.jpg 960w\" sizes=\"(max-width: 401px) 100vw, 401px\" \/><\/p>\n<p><img loading=\"lazy\" decoding=\"async\" class=\"wp-image-186715 alignnone\" src=\"https:\/\/www.jagdfallen-steingraf.de\/wp-content\/uploads\/2025\/01\/Fuchs-225x300.jpg\" alt=\"\" width=\"398\" height=\"531\" srcset=\"https:\/\/www.jagdfallen-steingraf.de\/wp-content\/uploads\/2025\/01\/Fuchs-225x300.jpg 225w, https:\/\/www.jagdfallen-steingraf.de\/wp-content\/uploads\/2025\/01\/Fuchs-450x600.jpg 450w, https:\/\/www.jagdfallen-steingraf.de\/wp-content\/uploads\/2025\/01\/Fuchs-64x85.jpg 64w, https:\/\/www.jagdfallen-steingraf.de\/wp-content\/uploads\/2025\/01\/Fuchs-rotated.jpg 480w\" sizes=\"(max-width: 398px) 100vw, 398px\" \/><\/p>\n<p><img loading=\"lazy\" decoding=\"async\" class=\"alignnone wp-image-184542\" src=\"https:\/\/www.jagdfallen-steingraf.de\/wp-content\/uploads\/2023\/03\/Betonfalle_Abfangnetz-300x300.jpg\" alt=\"\" width=\"402\" height=\"402\" srcset=\"https:\/\/www.jagdfallen-steingraf.de\/wp-content\/uploads\/2023\/03\/Betonfalle_Abfangnetz-300x300.jpg 300w, https:\/\/www.jagdfallen-steingraf.de\/wp-content\/uploads\/2023\/03\/Betonfalle_Abfangnetz-150x150.jpg 150w, https:\/\/www.jagdfallen-steingraf.de\/wp-content\/uploads\/2023\/03\/Betonfalle_Abfangnetz-768x768.jpg 768w, https:\/\/www.jagdfallen-steingraf.de\/wp-content\/uploads\/2023\/03\/Betonfalle_Abfangnetz-96x96.jpg 96w, https:\/\/www.jagdfallen-steingraf.de\/wp-content\/uploads\/2023\/03\/Betonfalle_Abfangnetz-250x250.jpg 250w, https:\/\/www.jagdfallen-steingraf.de\/wp-content\/uploads\/2023\/03\/Betonfalle_Abfangnetz-600x600.jpg 600w, https:\/\/www.jagdfallen-steingraf.de\/wp-content\/uploads\/2023\/03\/Betonfalle_Abfangnetz-100x100.jpg 100w, https:\/\/www.jagdfallen-steingraf.de\/wp-content\/uploads\/2023\/03\/Betonfalle_Abfangnetz-64x64.jpg 64w, https:\/\/www.jagdfallen-steingraf.de\/wp-content\/uploads\/2023\/03\/Betonfalle_Abfangnetz.jpg 960w\" sizes=\"(max-width: 402px) 100vw, 402px\" \/> <img loading=\"lazy\" decoding=\"async\" class=\"alignnone wp-image-184543\" src=\"https:\/\/www.jagdfallen-steingraf.de\/wp-content\/uploads\/2023\/03\/Betonfalle_Abfangnetz1-300x300.jpg\" alt=\"\" width=\"402\" height=\"402\" srcset=\"https:\/\/www.jagdfallen-steingraf.de\/wp-content\/uploads\/2023\/03\/Betonfalle_Abfangnetz1-300x300.jpg 300w, https:\/\/www.jagdfallen-steingraf.de\/wp-content\/uploads\/2023\/03\/Betonfalle_Abfangnetz1-150x150.jpg 150w, https:\/\/www.jagdfallen-steingraf.de\/wp-content\/uploads\/2023\/03\/Betonfalle_Abfangnetz1-768x768.jpg 768w, https:\/\/www.jagdfallen-steingraf.de\/wp-content\/uploads\/2023\/03\/Betonfalle_Abfangnetz1-96x96.jpg 96w, https:\/\/www.jagdfallen-steingraf.de\/wp-content\/uploads\/2023\/03\/Betonfalle_Abfangnetz1-250x250.jpg 250w, https:\/\/www.jagdfallen-steingraf.de\/wp-content\/uploads\/2023\/03\/Betonfalle_Abfangnetz1-600x600.jpg 600w, https:\/\/www.jagdfallen-steingraf.de\/wp-content\/uploads\/2023\/03\/Betonfalle_Abfangnetz1-100x100.jpg 100w, https:\/\/www.jagdfallen-steingraf.de\/wp-content\/uploads\/2023\/03\/Betonfalle_Abfangnetz1-64x64.jpg 64w, https:\/\/www.jagdfallen-steingraf.de\/wp-content\/uploads\/2023\/03\/Betonfalle_Abfangnetz1.jpg 960w\" sizes=\"(max-width: 402px) 100vw, 402px\" \/><\/p>\n<p>&nbsp;<\/p>\n<p><iframe title=\"YouTube video player\" src=\"\/\/www.youtube.com\/embed\/zL2Sbi45l1Y\" width=\"560\" height=\"315\" frameborder=\"0\" allowfullscreen=\"allowfullscreen\"><\/iframe><\/p>\n<\/div>\n<div id=\"1483608425\" class=\"flex-container dmImageSlider dmNoMargin dmNoMark u_1483608425\" data-widget-type=\"imageSlider\" data-element-type=\"dSliderId\">\n<div id=\"1126392683\" class=\"flexslider ed-version\">\n<div class=\"flex-viewport\"><\/div>\n<\/div>\n<\/div>\n<div id=\"1043677022\" class=\"default u_1043677022 dmTable table-scroll\" data-element-type=\"table\" data-ext=\"eyJsYXlvdXQiOiJzY3JvbGwiLCJyb3dzIjpbeyIwIjp7InZhbHVlIjoiUHJlaXNlIn0sIjEiOnsidmFsdWUiOiLigqwifX0seyIwIjp7InZhbHVlIjoiQmV0b25mYWxsZSAoMzYwY20pIn0sIjEiOnsidmFsdWUiOiI0NzAsMDAifX0seyIwIjp7InZhbHVlIjoiRXJ3ZWl0ZXJiYXJlIEVsZW1lbnRlIGEgNjBjbSJ9LCIxIjp7InZhbHVlIjoiNzAsMDAifX0seyIwIjp7InZhbHVlIjoiU2NodXR6a2FzdGVuIGbDvHIgZGllIEF1c2zDtnN1bmcifSwiMSI6eyJ2YWx1ZSI6IjI3LDAwIn19LHsiMCI6eyJ2YWx1ZSI6IlNwZWRpdGlvbnN2ZXJzYW5kIn0sIjEiOnsidmFsdWUiOiJKZSBuYWNoIFJlZ2lvbiB1bnRlcnNjaGllZGxpY2guIEJpdHRlIGVyZnJhZ2VuISJ9fSx7fSx7fSx7fSx7fSx7fSx7fSx7fSx7fSx7fSx7fSx7fSx7fSx7fSx7fSx7fSx7fSx7fSx7fSx7fSx7fSx7fSx7fSx7fSx7fSx7fV19\">\n<div class=\"table-wrapper \">\n<table style=\"border-collapse: collapse; width: 69.9415%; height: 120px;\">\n<tbody>\n<tr style=\"height: 24px;\">\n<td style=\"width: 44.7701%; height: 24px; text-align: center;\"><strong><span style=\"font-family: arial, helvetica, sans-serif; font-size: 14pt;\">Preise<\/span><\/strong><\/td>\n<td style=\"width: 43.727%; height: 24px; text-align: center;\"><strong><span style=\"font-family: arial, helvetica, sans-serif; font-size: 14pt;\">\u20ac<\/span><\/strong><\/td>\n<\/tr>\n<tr style=\"height: 24px;\">\n<td style=\"width: 44.7701%; height: 24px; text-align: center;\"><span style=\"font-family: arial, helvetica, sans-serif; font-size: 14pt;\">Betonfalle (360cm)<\/span><\/td>\n<td style=\"width: 43.727%; height: 24px; text-align: center;\"><span style=\"font-family: arial, helvetica, sans-serif; font-size: 14pt;\">710,00<\/span><\/td>\n<\/tr>\n<tr style=\"height: 24px;\">\n<td style=\"width: 44.7701%; height: 24px; text-align: center;\"><span style=\"font-family: arial, helvetica, sans-serif; font-size: 14pt;\">Erweiterbare Elemente a 60cm<\/span><\/td>\n<td style=\"width: 43.727%; height: 24px; text-align: center;\"><span style=\"font-family: arial, helvetica, sans-serif; font-size: 14pt;\">70,00<\/span><\/td>\n<\/tr>\n<tr style=\"height: 24px;\">\n<td style=\"width: 44.7701%; height: 24px; text-align: center;\"><span style=\"font-family: arial, helvetica, sans-serif; font-size: 14pt;\">Betonschutzkasten f\u00fcr die Ausl\u00f6sung<\/span><\/td>\n<td style=\"width: 43.727%; height: 24px; text-align: center;\"><span style=\"font-family: arial, helvetica, sans-serif; font-size: 14pt;\">47,00<\/span><\/td>\n<\/tr>\n<tr style=\"height: 24px;\">\n<td style=\"width: 44.7701%; height: 24px; text-align: center;\"><span style=\"font-family: arial, helvetica, sans-serif; font-size: 14pt;\">Speditionsversand<\/span><\/td>\n<td style=\"width: 43.727%; height: 24px; text-align: center;\"><span style=\"font-family: arial, helvetica, sans-serif; font-size: 14pt;\">Versand ins Ausland bitte erfragen!<\/span><\/td>\n<\/tr>\n<\/tbody>\n<\/table>\n<\/div>\n<\/div>\n<div id=\"1970845985\" class=\"u_1970845985 dmNewParagraph\" data-version=\"5\">\n<p class=\"size-18 m-size-14\"><span class=\"font-size-18 m-font-size-14\" style=\"font-family: arial, helvetica, sans-serif; font-size: 14pt; color: #000000;\">Gerne k\u00f6nnen Sie die Betonfalle online in unseren Shop erwerben. Klicken Sie einfach auf folgenden Link:<span style=\"color: #ff6600;\"> <a style=\"color: #ff6600;\" href=\"https:\/\/www.jagdfallen-steingraf.de\/?product=fuchsfalle-betonfalle-360cm\">Fuchsfalle &#8211; Betonfalle (360cm) &#8211; Jagdfallen Steingraf (jagdfallen-steingraf.de)<\/a><\/span><\/span><\/p>\n<p class=\"size-18 m-size-14\"><strong><span class=\"font-size-18 m-font-size-14\" style=\"font-family: arial, helvetica, sans-serif; font-size: 14pt; color: #ff0000;\">Versand innerhalb von Deutschland kostenlos. <\/span><\/strong><\/p>\n<p class=\"size-18 m-size-14\"><strong><span class=\"font-size-18 m-font-size-14\" style=\"font-family: arial, helvetica, sans-serif; font-size: 14pt; color: #ff0000;\">Versandkosten nach \u00d6sterreich oder in andere europ\u00e4ische L\u00e4nder bitte erfragen!<\/span><\/strong><\/p>\n<p class=\"m-size-16 size-20\"><span style=\"font-family: arial, helvetica, sans-serif; color: #ff0000; font-size: 14pt;\"><strong><span class=\"m-font-size-16 font-size-20\">Bei Fragen, melden Sie sich bitte unter<\/span><span class=\"m-font-size-16 font-size-20\" style=\"color: #000000;\"> email@jagdfallen.eu<\/span><span class=\"m-font-size-16 font-size-20\">\u00a0oder\u00a0<\/span><span class=\"m-font-size-16 font-size-20\" style=\"color: #000000;\">033434 801400<\/span><span class=\"m-font-size-16 font-size-20\">.<\/span><\/strong><\/span><\/p>\n<\/div>\n","protected":false},"excerpt":{"rendered":"<p>Diese Betonfalle eignet sich hervorragend zum Fang von F\u00fcchsen, ebenso auch f\u00fcr Tiere, wie Dachs und Waschb\u00e4r. Besonderheiten: Ausl\u00f6sung erfolgt \u00fcber ein ebenerdiges Trittbrett (Glatter Gang, glatter Fang). Standartl\u00e4nge: 360 cm. Innenma\u00dfe: 35&#215;35 cm. Falle verf\u00fcgt \u00fcber eine Bek\u00f6derungs\u00f6ffnung mit einen Handyschlitz (f\u00fcr alle g\u00e4ngigen Smartphones). Die Betonfalle ist beliebig erweiterbar (Die Erweiterungen erfolgen jeweils immer um 60cm). Betonschutzkasten f\u00fcr<\/p>\n<div class=\"read-more\"><a class=\"more-link\" href=\"https:\/\/www.jagdfallen-steingraf.de\/?page_id=182634\">Read More &#8230;<\/a><\/div>\n","protected":false},"author":1,"featured_media":0,"parent":180270,"menu_order":0,"comment_status":"closed","ping_status":"closed","template":"","meta":{"footnotes":""},"class_list":["post-182634","page","type-page","status-publish","hentry"],"_links":{"self":[{"href":"https:\/\/www.jagdfallen-steingraf.de\/index.php?rest_route=\/wp\/v2\/pages\/182634","targetHints":{"allow":["GET"]}}],"collection":[{"href":"https:\/\/www.jagdfallen-steingraf.de\/index.php?rest_route=\/wp\/v2\/pages"}],"about":[{"href":"https:\/\/www.jagdfallen-steingraf.de\/index.php?rest_route=\/wp\/v2\/types\/page"}],"author":[{"embeddable":true,"href":"https:\/\/www.jagdfallen-steingraf.de\/index.php?rest_route=\/wp\/v2\/users\/1"}],"replies":[{"embeddable":true,"href":"https:\/\/www.jagdfallen-steingraf.de\/index.php?rest_route=%2Fwp%2Fv2%2Fcomments&post=182634"}],"version-history":[{"count":5,"href":"https:\/\/www.jagdfallen-steingraf.de\/index.php?rest_route=\/wp\/v2\/pages\/182634\/revisions"}],"predecessor-version":[{"id":186716,"href":"https:\/\/www.jagdfallen-steingraf.de\/index.php?rest_route=\/wp\/v2\/pages\/182634\/revisions\/186716"}],"up":[{"embeddable":true,"href":"https:\/\/www.jagdfallen-steingraf.de\/index.php?rest_route=\/wp\/v2\/pages\/180270"}],"wp:attachment":[{"href":"https:\/\/www.jagdfallen-steingraf.de\/index.php?rest_route=%2Fwp%2Fv2%2Fmedia&parent=182634"}],"curies":[{"name":"wp","href":"https:\/\/api.w.org\/{rel}","templated":true}]}}